{"id":6537,"date":"2026-01-19T22:18:16","date_gmt":"2026-01-19T22:18:16","guid":{"rendered":"https:\/\/vsuj.ch\/events\/assemblee-generale-annuelle-2026-10-06-2026\/"},"modified":"2026-04-14T00:44:28","modified_gmt":"2026-04-14T00:44:28","slug":"assemblee-generale-annuelle-2026-10-06-2026","status":"publish","type":"events","link":"https:\/\/vsuj.ch\/fr\/events\/assemblee-generale-annuelle-2026-10-06-2026\/","title":{"rendered":"Assembl\u00e9e g\u00e9n\u00e9rale annuelle 2026 &#8211; 10.06.2026"},"content":{"rendered":"","protected":false},"featured_media":5840,"parent":0,"template":"","meta":[],"event-kategorien":[112,88,92],"class_list":["post-6537","events","type-events","status-publish","has-post-thumbnail","hentry","event-kategorien-112","event-kategorien-assemblee-generale","event-kategorien-evenement"],"yoast_head":"<!-- This site is optimized with the Yoast SEO plugin v27.3 - https:\/\/yoast.com\/product\/yoast-seo-wordpress\/ -->\n<title>Assembl\u00e9e g\u00e9n\u00e9rale annuelle 2026 - 10.06.2026 - Vereinigung Schweizerischer Unternehmensjuristinnen und Unternehmensjuristen (VSUJ)<\/title>\n<meta name=\"robots\" content=\"index, follow, max-snippet:-1, max-image-preview:large, max-video-preview:-1\" \/>\n<link rel=\"canonical\" href=\"https:\/\/vsuj.ch\/fr\/events\/assemblee-generale-annuelle-2026-10-06-2026\/\" \/>\n<meta property=\"og:locale\" content=\"fr_FR\" \/>\n<meta property=\"og:type\" content=\"article\" \/>\n<meta property=\"og:title\" content=\"Assembl\u00e9e g\u00e9n\u00e9rale annuelle 2026 - 10.06.2026 - Vereinigung Schweizerischer Unternehmensjuristinnen und Unternehmensjuristen (VSUJ)\" \/>\n<meta property=\"og:url\" content=\"https:\/\/vsuj.ch\/fr\/events\/assemblee-generale-annuelle-2026-10-06-2026\/\" \/>\n<meta property=\"og:site_name\" content=\"Vereinigung Schweizerischer Unternehmensjuristinnen und Unternehmensjuristen (VSUJ)\" \/>\n<meta property=\"article:modified_time\" content=\"2026-04-14T00:44:28+00:00\" \/>\n<meta property=\"og:image\" content=\"https:\/\/vsuj.ch\/wp-content\/uploads\/2025\/09\/fall-event.jpeg\" \/>\n\t<meta property=\"og:image:width\" content=\"300\" \/>\n\t<meta property=\"og:image:height\" content=\"168\" \/>\n\t<meta property=\"og:image:type\" content=\"image\/jpeg\" \/>\n<meta name=\"twitter:card\" content=\"summary_large_image\" \/>\n<script type=\"application\/ld+json\" class=\"yoast-schema-graph\">{\"@context\":\"https:\\\/\\\/schema.org\",\"@graph\":[{\"@type\":\"WebPage\",\"@id\":\"https:\\\/\\\/vsuj.ch\\\/fr\\\/events\\\/assemblee-generale-annuelle-2026-10-06-2026\\\/\",\"url\":\"https:\\\/\\\/vsuj.ch\\\/fr\\\/events\\\/assemblee-generale-annuelle-2026-10-06-2026\\\/\",\"name\":\"Assembl\u00e9e g\u00e9n\u00e9rale annuelle 2026 - 10.06.2026 - Vereinigung Schweizerischer Unternehmensjuristinnen und Unternehmensjuristen (VSUJ)\",\"isPartOf\":{\"@id\":\"https:\\\/\\\/vsuj.ch\\\/fr\\\/#website\"},\"primaryImageOfPage\":{\"@id\":\"https:\\\/\\\/vsuj.ch\\\/fr\\\/events\\\/assemblee-generale-annuelle-2026-10-06-2026\\\/#primaryimage\"},\"image\":{\"@id\":\"https:\\\/\\\/vsuj.ch\\\/fr\\\/events\\\/assemblee-generale-annuelle-2026-10-06-2026\\\/#primaryimage\"},\"thumbnailUrl\":\"https:\\\/\\\/vsuj.ch\\\/wp-content\\\/uploads\\\/2025\\\/09\\\/fall-event.jpeg\",\"datePublished\":\"2026-01-19T22:18:16+00:00\",\"dateModified\":\"2026-04-14T00:44:28+00:00\",\"breadcrumb\":{\"@id\":\"https:\\\/\\\/vsuj.ch\\\/fr\\\/events\\\/assemblee-generale-annuelle-2026-10-06-2026\\\/#breadcrumb\"},\"inLanguage\":\"fr-FR\",\"potentialAction\":[{\"@type\":\"ReadAction\",\"target\":[\"https:\\\/\\\/vsuj.ch\\\/fr\\\/events\\\/assemblee-generale-annuelle-2026-10-06-2026\\\/\"]}]},{\"@type\":\"ImageObject\",\"inLanguage\":\"fr-FR\",\"@id\":\"https:\\\/\\\/vsuj.ch\\\/fr\\\/events\\\/assemblee-generale-annuelle-2026-10-06-2026\\\/#primaryimage\",\"url\":\"https:\\\/\\\/vsuj.ch\\\/wp-content\\\/uploads\\\/2025\\\/09\\\/fall-event.jpeg\",\"contentUrl\":\"https:\\\/\\\/vsuj.ch\\\/wp-content\\\/uploads\\\/2025\\\/09\\\/fall-event.jpeg\",\"width\":300,\"height\":168},{\"@type\":\"BreadcrumbList\",\"@id\":\"https:\\\/\\\/vsuj.ch\\\/fr\\\/events\\\/assemblee-generale-annuelle-2026-10-06-2026\\\/#breadcrumb\",\"itemListElement\":[{\"@type\":\"ListItem\",\"position\":1,\"name\":\"Home\",\"item\":\"https:\\\/\\\/vsuj.ch\\\/fr\\\/\"},{\"@type\":\"ListItem\",\"position\":2,\"name\":\"Events\",\"item\":\"https:\\\/\\\/vsuj.ch\\\/fr\\\/events\\\/\"},{\"@type\":\"ListItem\",\"position\":3,\"name\":\"Assembl\u00e9e g\u00e9n\u00e9rale annuelle 2026 &#8211; 10.06.2026\"}]},{\"@type\":\"WebSite\",\"@id\":\"https:\\\/\\\/vsuj.ch\\\/fr\\\/#website\",\"url\":\"https:\\\/\\\/vsuj.ch\\\/fr\\\/\",\"name\":\"Vereinigung Schweizerischer Unternehmensjuristinnen und Unternehmensjuristen\",\"description\":\"Erfahrungen austauschen, Verbindungen aufbauen, sich weiterentwickeln.\",\"publisher\":{\"@id\":\"https:\\\/\\\/vsuj.ch\\\/fr\\\/#organization\"},\"alternateName\":\"VSUJ\",\"potentialAction\":[{\"@type\":\"SearchAction\",\"target\":{\"@type\":\"EntryPoint\",\"urlTemplate\":\"https:\\\/\\\/vsuj.ch\\\/fr\\\/?s={search_term_string}\"},\"query-input\":{\"@type\":\"PropertyValueSpecification\",\"valueRequired\":true,\"valueName\":\"search_term_string\"}}],\"inLanguage\":\"fr-FR\"},{\"@type\":\"Organization\",\"@id\":\"https:\\\/\\\/vsuj.ch\\\/fr\\\/#organization\",\"name\":\"Vereinigung Schweizerischer Unternehmensjuristinnen und Unternehmensjuristen\",\"alternateName\":\"VSUJ\",\"url\":\"https:\\\/\\\/vsuj.ch\\\/fr\\\/\",\"logo\":{\"@type\":\"ImageObject\",\"inLanguage\":\"fr-FR\",\"@id\":\"https:\\\/\\\/vsuj.ch\\\/fr\\\/#\\\/schema\\\/logo\\\/image\\\/\",\"url\":\"https:\\\/\\\/vsuj.ch\\\/wp-content\\\/uploads\\\/2020\\\/06\\\/logo_de_x2.webp\",\"contentUrl\":\"https:\\\/\\\/vsuj.ch\\\/wp-content\\\/uploads\\\/2020\\\/06\\\/logo_de_x2.webp\",\"width\":516,\"height\":68,\"caption\":\"Vereinigung Schweizerischer Unternehmensjuristinnen und Unternehmensjuristen\"},\"image\":{\"@id\":\"https:\\\/\\\/vsuj.ch\\\/fr\\\/#\\\/schema\\\/logo\\\/image\\\/\"}}]}<\/script>\n<!-- \/ Yoast SEO plugin. -->","yoast_head_json":{"title":"Assembl\u00e9e g\u00e9n\u00e9rale annuelle 2026 - 10.06.2026 - Vereinigung Schweizerischer Unternehmensjuristinnen und Unternehmensjuristen (VSUJ)","robots":{"index":"index","follow":"follow","max-snippet":"max-snippet:-1","max-image-preview":"max-image-preview:large","max-video-preview":"max-video-preview:-1"},"canonical":"https:\/\/vsuj.ch\/fr\/events\/assemblee-generale-annuelle-2026-10-06-2026\/","og_locale":"fr_FR","og_type":"article","og_title":"Assembl\u00e9e g\u00e9n\u00e9rale annuelle 2026 - 10.06.2026 - Vereinigung Schweizerischer Unternehmensjuristinnen und Unternehmensjuristen (VSUJ)","og_url":"https:\/\/vsuj.ch\/fr\/events\/assemblee-generale-annuelle-2026-10-06-2026\/","og_site_name":"Vereinigung Schweizerischer Unternehmensjuristinnen und Unternehmensjuristen (VSUJ)","article_modified_time":"2026-04-14T00:44:28+00:00","og_image":[{"width":300,"height":168,"url":"https:\/\/vsuj.ch\/wp-content\/uploads\/2025\/09\/fall-event.jpeg","type":"image\/jpeg"}],"twitter_card":"summary_large_image","schema":{"@context":"https:\/\/schema.org","@graph":[{"@type":"WebPage","@id":"https:\/\/vsuj.ch\/fr\/events\/assemblee-generale-annuelle-2026-10-06-2026\/","url":"https:\/\/vsuj.ch\/fr\/events\/assemblee-generale-annuelle-2026-10-06-2026\/","name":"Assembl\u00e9e g\u00e9n\u00e9rale annuelle 2026 - 10.06.2026 - Vereinigung Schweizerischer Unternehmensjuristinnen und Unternehmensjuristen (VSUJ)","isPartOf":{"@id":"https:\/\/vsuj.ch\/fr\/#website"},"primaryImageOfPage":{"@id":"https:\/\/vsuj.ch\/fr\/events\/assemblee-generale-annuelle-2026-10-06-2026\/#primaryimage"},"image":{"@id":"https:\/\/vsuj.ch\/fr\/events\/assemblee-generale-annuelle-2026-10-06-2026\/#primaryimage"},"thumbnailUrl":"https:\/\/vsuj.ch\/wp-content\/uploads\/2025\/09\/fall-event.jpeg","datePublished":"2026-01-19T22:18:16+00:00","dateModified":"2026-04-14T00:44:28+00:00","breadcrumb":{"@id":"https:\/\/vsuj.ch\/fr\/events\/assemblee-generale-annuelle-2026-10-06-2026\/#breadcrumb"},"inLanguage":"fr-FR","potentialAction":[{"@type":"ReadAction","target":["https:\/\/vsuj.ch\/fr\/events\/assemblee-generale-annuelle-2026-10-06-2026\/"]}]},{"@type":"ImageObject","inLanguage":"fr-FR","@id":"https:\/\/vsuj.ch\/fr\/events\/assemblee-generale-annuelle-2026-10-06-2026\/#primaryimage","url":"https:\/\/vsuj.ch\/wp-content\/uploads\/2025\/09\/fall-event.jpeg","contentUrl":"https:\/\/vsuj.ch\/wp-content\/uploads\/2025\/09\/fall-event.jpeg","width":300,"height":168},{"@type":"BreadcrumbList","@id":"https:\/\/vsuj.ch\/fr\/events\/assemblee-generale-annuelle-2026-10-06-2026\/#breadcrumb","itemListElement":[{"@type":"ListItem","position":1,"name":"Home","item":"https:\/\/vsuj.ch\/fr\/"},{"@type":"ListItem","position":2,"name":"Events","item":"https:\/\/vsuj.ch\/fr\/events\/"},{"@type":"ListItem","position":3,"name":"Assembl\u00e9e g\u00e9n\u00e9rale annuelle 2026 &#8211; 10.06.2026"}]},{"@type":"WebSite","@id":"https:\/\/vsuj.ch\/fr\/#website","url":"https:\/\/vsuj.ch\/fr\/","name":"Vereinigung Schweizerischer Unternehmensjuristinnen und Unternehmensjuristen","description":"Erfahrungen austauschen, Verbindungen aufbauen, sich weiterentwickeln.","publisher":{"@id":"https:\/\/vsuj.ch\/fr\/#organization"},"alternateName":"VSUJ","potentialAction":[{"@type":"SearchAction","target":{"@type":"EntryPoint","urlTemplate":"https:\/\/vsuj.ch\/fr\/?s={search_term_string}"},"query-input":{"@type":"PropertyValueSpecification","valueRequired":true,"valueName":"search_term_string"}}],"inLanguage":"fr-FR"},{"@type":"Organization","@id":"https:\/\/vsuj.ch\/fr\/#organization","name":"Vereinigung Schweizerischer Unternehmensjuristinnen und Unternehmensjuristen","alternateName":"VSUJ","url":"https:\/\/vsuj.ch\/fr\/","logo":{"@type":"ImageObject","inLanguage":"fr-FR","@id":"https:\/\/vsuj.ch\/fr\/#\/schema\/logo\/image\/","url":"https:\/\/vsuj.ch\/wp-content\/uploads\/2020\/06\/logo_de_x2.webp","contentUrl":"https:\/\/vsuj.ch\/wp-content\/uploads\/2020\/06\/logo_de_x2.webp","width":516,"height":68,"caption":"Vereinigung Schweizerischer Unternehmensjuristinnen und Unternehmensjuristen"},"image":{"@id":"https:\/\/vsuj.ch\/fr\/#\/schema\/logo\/image\/"}}]}},"publishpress_future_action":{"enabled":false,"date":"2026-04-29 15:19:51","action":"category","newStatus":"draft","terms":[110,48],"taxonomy":"event-kategorien","extraData":[]},"publishpress_future_workflow_manual_trigger":{"enabledWorkflows":[]},"_links":{"self":[{"href":"https:\/\/vsuj.ch\/fr\/wp-json\/wp\/v2\/events\/6537","targetHints":{"allow":["GET"]}}],"collection":[{"href":"https:\/\/vsuj.ch\/fr\/wp-json\/wp\/v2\/events"}],"about":[{"href":"https:\/\/vsuj.ch\/fr\/wp-json\/wp\/v2\/types\/events"}],"wp:featuredmedia":[{"embeddable":true,"href":"https:\/\/vsuj.ch\/fr\/wp-json\/wp\/v2\/media\/5840"}],"wp:attachment":[{"href":"https:\/\/vsuj.ch\/fr\/wp-json\/wp\/v2\/media?parent=6537"}],"wp:term":[{"taxonomy":"event-kategorien","embeddable":true,"href":"https:\/\/vsuj.ch\/fr\/wp-json\/wp\/v2\/event-kategorien?post=6537"}],"curies":[{"name":"wp","href":"https:\/\/api.w.org\/{rel}","templated":true}]}}

Assemblée générale annuelle 2026 &#8211; 10.06.2026

<!-- This site is optimized with the Yoast SEO plugin v27.3 - https://yoast.com/product/yoast-seo-wordpress/ -->
<title>Assemblée générale annuelle 2026 - 10.06.2026 - Vereinigung Schweizerischer Unternehmensjuristinnen und Unternehmensjuristen (VSUJ)</title>
<meta name="robots" content="index, follow, max-snippet:-1, max-image-preview:large, max-video-preview:-1" />
<link rel="canonical" href="https://vsuj.ch/fr/events/assemblee-generale-annuelle-2026-10-06-2026/" />
<meta property="og:locale" content="fr_FR" />
<meta property="og:type" content="article" />
<meta property="og:title" content="Assemblée générale annuelle 2026 - 10.06.2026 - Vereinigung Schweizerischer Unternehmensjuristinnen und Unternehmensjuristen (VSUJ)" />
<meta property="og:url" content="https://vsuj.ch/fr/events/assemblee-generale-annuelle-2026-10-06-2026/" />
<meta property="og:site_name" content="Vereinigung Schweizerischer Unternehmensjuristinnen und Unternehmensjuristen (VSUJ)" />
<meta property="article:modified_time" content="2026-04-14T00:44:28+00:00" />
<meta property="og:image" content="https://vsuj.ch/wp-content/uploads/2025/09/fall-event.jpeg" />
	<meta property="og:image:width" content="300" />
	<meta property="og:image:height" content="168" />
	<meta property="og:image:type" content="image/jpeg" />
<meta name="twitter:card" content="summary_large_image" />
<script type="application/ld+json" class="yoast-schema-graph">{"@context":"https:\/\/schema.org","@graph":[{"@type":"WebPage","@id":"https:\/\/vsuj.ch\/fr\/events\/assemblee-generale-annuelle-2026-10-06-2026\/","url":"https:\/\/vsuj.ch\/fr\/events\/assemblee-generale-annuelle-2026-10-06-2026\/","name":"Assemblée générale annuelle 2026 - 10.06.2026 - Vereinigung Schweizerischer Unternehmensjuristinnen und Unternehmensjuristen (VSUJ)","isPartOf":{"@id":"https:\/\/vsuj.ch\/fr\/#website"},"primaryImageOfPage":{"@id":"https:\/\/vsuj.ch\/fr\/events\/assemblee-generale-annuelle-2026-10-06-2026\/#primaryimage"},"image":{"@id":"https:\/\/vsuj.ch\/fr\/events\/assemblee-generale-annuelle-2026-10-06-2026\/#primaryimage"},"thumbnailUrl":"https:\/\/vsuj.ch\/wp-content\/uploads\/2025\/09\/fall-event.jpeg","datePublished":"2026-01-19T22:18:16+00:00","dateModified":"2026-04-14T00:44:28+00:00","breadcrumb":{"@id":"https:\/\/vsuj.ch\/fr\/events\/assemblee-generale-annuelle-2026-10-06-2026\/#breadcrumb"},"inLanguage":"fr-FR","potentialAction":[{"@type":"ReadAction","target":["https:\/\/vsuj.ch\/fr\/events\/assemblee-generale-annuelle-2026-10-06-2026\/"]}]},{"@type":"ImageObject","inLanguage":"fr-FR","@id":"https:\/\/vsuj.ch\/fr\/events\/assemblee-generale-annuelle-2026-10-06-2026\/#primaryimage","url":"https:\/\/vsuj.ch\/wp-content\/uploads\/2025\/09\/fall-event.jpeg","contentUrl":"https:\/\/vsuj.ch\/wp-content\/uploads\/2025\/09\/fall-event.jpeg","width":300,"height":168},{"@type":"BreadcrumbList","@id":"https:\/\/vsuj.ch\/fr\/events\/assemblee-generale-annuelle-2026-10-06-2026\/#breadcrumb","itemListElement":[{"@type":"ListItem","position":1,"name":"Home","item":"https:\/\/vsuj.ch\/fr\/"},{"@type":"ListItem","position":2,"name":"Events","item":"https:\/\/vsuj.ch\/fr\/events\/"},{"@type":"ListItem","position":3,"name":"Assemblée générale annuelle 2026 &#8211; 10.06.2026"}]},{"@type":"WebSite","@id":"https:\/\/vsuj.ch\/fr\/#website","url":"https:\/\/vsuj.ch\/fr\/","name":"Vereinigung Schweizerischer Unternehmensjuristinnen und Unternehmensjuristen","description":"Erfahrungen austauschen, Verbindungen aufbauen, sich weiterentwickeln.","publisher":{"@id":"https:\/\/vsuj.ch\/fr\/#organization"},"alternateName":"VSUJ","potentialAction":[{"@type":"SearchAction","target":{"@type":"EntryPoint","urlTemplate":"https:\/\/vsuj.ch\/fr\/?s={search_term_string}"},"query-input":{"@type":"PropertyValueSpecification","valueRequired":true,"valueName":"search_term_string"}}],"inLanguage":"fr-FR"},{"@type":"Organization","@id":"https:\/\/vsuj.ch\/fr\/#organization","name":"Vereinigung Schweizerischer Unternehmensjuristinnen und Unternehmensjuristen","alternateName":"VSUJ","url":"https:\/\/vsuj.ch\/fr\/","logo":{"@type":"ImageObject","inLanguage":"fr-FR","@id":"https:\/\/vsuj.ch\/fr\/#\/schema\/logo\/image\/","url":"https:\/\/vsuj.ch\/wp-content\/uploads\/2020\/06\/logo_de_x2.webp","contentUrl":"https:\/\/vsuj.ch\/wp-content\/uploads\/2020\/06\/logo_de_x2.webp","width":516,"height":68,"caption":"Vereinigung Schweizerischer Unternehmensjuristinnen und Unternehmensjuristen"},"image":{"@id":"https:\/\/vsuj.ch\/fr\/#\/schema\/logo\/image\/"}}]}</script>
<!-- / Yoast SEO plugin. -->

Assemblée générale annuelle 2026 - 10.06.2026 - Vereinigung Schweizerischer Unternehmensjuristinnen und Unternehmensjuristen (VSUJ)
