{"id":5336,"date":"2025-05-02T12:58:15","date_gmt":"2025-05-02T12:58:15","guid":{"rendered":"https:\/\/vsuj.ch\/events\/evenement-dete-themes-cles-de-la-redaction-de-contrats-dans-les-transactions-ma\/"},"modified":"2025-09-25T06:42:23","modified_gmt":"2025-09-25T06:42:23","slug":"evenement-dete-themes-cles-de-la-redaction-de-contrats-dans-les-transactions-ma","status":"publish","type":"events","link":"https:\/\/vsuj.ch\/fr\/events\/evenement-dete-themes-cles-de-la-redaction-de-contrats-dans-les-transactions-ma\/","title":{"rendered":"\u00c9v\u00e9nement d\u2019\u00e9t\u00e9 \u2013 Th\u00e8mes cl\u00e9s de la r\u00e9daction de contrats dans les transactions M&amp;A"},"content":{"rendered":"","protected":false},"featured_media":5572,"parent":0,"template":"","meta":[],"event-kategorien":[97,92,90,98],"class_list":["post-5336","events","type-events","status-publish","has-post-thumbnail","hentry","event-kategorien-2025-fr","event-kategorien-evenement","event-kategorien-evenement-estival","event-kategorien-passe"],"yoast_head":"<!-- This site is optimized with the Yoast SEO plugin v27.3 - https:\/\/yoast.com\/product\/yoast-seo-wordpress\/ -->\n<title>\u00c9v\u00e9nement d\u2019\u00e9t\u00e9 \u2013 Th\u00e8mes cl\u00e9s de la r\u00e9daction de contrats dans les transactions M&amp;A - Vereinigung Schweizerischer Unternehmensjuristinnen und Unternehmensjuristen (VSUJ)<\/title>\n<meta name=\"robots\" content=\"index, follow, max-snippet:-1, max-image-preview:large, max-video-preview:-1\" \/>\n<link rel=\"canonical\" href=\"https:\/\/vsuj.ch\/fr\/events\/evenement-dete-themes-cles-de-la-redaction-de-contrats-dans-les-transactions-ma\/\" \/>\n<meta property=\"og:locale\" content=\"fr_FR\" \/>\n<meta property=\"og:type\" content=\"article\" \/>\n<meta property=\"og:title\" content=\"\u00c9v\u00e9nement d\u2019\u00e9t\u00e9 \u2013 Th\u00e8mes cl\u00e9s de la r\u00e9daction de contrats dans les transactions M&amp;A - Vereinigung Schweizerischer Unternehmensjuristinnen und Unternehmensjuristen (VSUJ)\" \/>\n<meta property=\"og:url\" content=\"https:\/\/vsuj.ch\/fr\/events\/evenement-dete-themes-cles-de-la-redaction-de-contrats-dans-les-transactions-ma\/\" \/>\n<meta property=\"og:site_name\" content=\"Vereinigung Schweizerischer Unternehmensjuristinnen und Unternehmensjuristen (VSUJ)\" \/>\n<meta property=\"article:modified_time\" content=\"2025-09-25T06:42:23+00:00\" \/>\n<meta property=\"og:image\" content=\"https:\/\/vsuj.ch\/wp-content\/uploads\/2025\/05\/outdoor-networking-event.jpg\" \/>\n\t<meta property=\"og:image:width\" content=\"1440\" \/>\n\t<meta property=\"og:image:height\" content=\"520\" \/>\n\t<meta property=\"og:image:type\" content=\"image\/jpeg\" \/>\n<meta name=\"twitter:card\" content=\"summary_large_image\" \/>\n<script type=\"application\/ld+json\" class=\"yoast-schema-graph\">{\"@context\":\"https:\\\/\\\/schema.org\",\"@graph\":[{\"@type\":\"WebPage\",\"@id\":\"https:\\\/\\\/vsuj.ch\\\/fr\\\/events\\\/evenement-dete-themes-cles-de-la-redaction-de-contrats-dans-les-transactions-ma\\\/\",\"url\":\"https:\\\/\\\/vsuj.ch\\\/fr\\\/events\\\/evenement-dete-themes-cles-de-la-redaction-de-contrats-dans-les-transactions-ma\\\/\",\"name\":\"\u00c9v\u00e9nement d\u2019\u00e9t\u00e9 \u2013 Th\u00e8mes cl\u00e9s de la r\u00e9daction de contrats dans les transactions M&amp;A - Vereinigung Schweizerischer Unternehmensjuristinnen und Unternehmensjuristen (VSUJ)\",\"isPartOf\":{\"@id\":\"https:\\\/\\\/vsuj.ch\\\/fr\\\/#website\"},\"primaryImageOfPage\":{\"@id\":\"https:\\\/\\\/vsuj.ch\\\/fr\\\/events\\\/evenement-dete-themes-cles-de-la-redaction-de-contrats-dans-les-transactions-ma\\\/#primaryimage\"},\"image\":{\"@id\":\"https:\\\/\\\/vsuj.ch\\\/fr\\\/events\\\/evenement-dete-themes-cles-de-la-redaction-de-contrats-dans-les-transactions-ma\\\/#primaryimage\"},\"thumbnailUrl\":\"https:\\\/\\\/vsuj.ch\\\/wp-content\\\/uploads\\\/2025\\\/05\\\/outdoor-networking-event.jpg\",\"datePublished\":\"2025-05-02T12:58:15+00:00\",\"dateModified\":\"2025-09-25T06:42:23+00:00\",\"breadcrumb\":{\"@id\":\"https:\\\/\\\/vsuj.ch\\\/fr\\\/events\\\/evenement-dete-themes-cles-de-la-redaction-de-contrats-dans-les-transactions-ma\\\/#breadcrumb\"},\"inLanguage\":\"fr-FR\",\"potentialAction\":[{\"@type\":\"ReadAction\",\"target\":[\"https:\\\/\\\/vsuj.ch\\\/fr\\\/events\\\/evenement-dete-themes-cles-de-la-redaction-de-contrats-dans-les-transactions-ma\\\/\"]}]},{\"@type\":\"ImageObject\",\"inLanguage\":\"fr-FR\",\"@id\":\"https:\\\/\\\/vsuj.ch\\\/fr\\\/events\\\/evenement-dete-themes-cles-de-la-redaction-de-contrats-dans-les-transactions-ma\\\/#primaryimage\",\"url\":\"https:\\\/\\\/vsuj.ch\\\/wp-content\\\/uploads\\\/2025\\\/05\\\/outdoor-networking-event.jpg\",\"contentUrl\":\"https:\\\/\\\/vsuj.ch\\\/wp-content\\\/uploads\\\/2025\\\/05\\\/outdoor-networking-event.jpg\",\"width\":1440,\"height\":520},{\"@type\":\"BreadcrumbList\",\"@id\":\"https:\\\/\\\/vsuj.ch\\\/fr\\\/events\\\/evenement-dete-themes-cles-de-la-redaction-de-contrats-dans-les-transactions-ma\\\/#breadcrumb\",\"itemListElement\":[{\"@type\":\"ListItem\",\"position\":1,\"name\":\"Home\",\"item\":\"https:\\\/\\\/vsuj.ch\\\/fr\\\/\"},{\"@type\":\"ListItem\",\"position\":2,\"name\":\"Events\",\"item\":\"https:\\\/\\\/vsuj.ch\\\/fr\\\/events\\\/\"},{\"@type\":\"ListItem\",\"position\":3,\"name\":\"\u00c9v\u00e9nement d\u2019\u00e9t\u00e9 \u2013 Th\u00e8mes cl\u00e9s de la r\u00e9daction de contrats dans les transactions M&amp;A\"}]},{\"@type\":\"WebSite\",\"@id\":\"https:\\\/\\\/vsuj.ch\\\/fr\\\/#website\",\"url\":\"https:\\\/\\\/vsuj.ch\\\/fr\\\/\",\"name\":\"Vereinigung Schweizerischer Unternehmensjuristinnen und Unternehmensjuristen\",\"description\":\"Erfahrungen austauschen, Verbindungen aufbauen, sich weiterentwickeln.\",\"publisher\":{\"@id\":\"https:\\\/\\\/vsuj.ch\\\/fr\\\/#organization\"},\"alternateName\":\"VSUJ\",\"potentialAction\":[{\"@type\":\"SearchAction\",\"target\":{\"@type\":\"EntryPoint\",\"urlTemplate\":\"https:\\\/\\\/vsuj.ch\\\/fr\\\/?s={search_term_string}\"},\"query-input\":{\"@type\":\"PropertyValueSpecification\",\"valueRequired\":true,\"valueName\":\"search_term_string\"}}],\"inLanguage\":\"fr-FR\"},{\"@type\":\"Organization\",\"@id\":\"https:\\\/\\\/vsuj.ch\\\/fr\\\/#organization\",\"name\":\"Vereinigung Schweizerischer Unternehmensjuristinnen und Unternehmensjuristen\",\"alternateName\":\"VSUJ\",\"url\":\"https:\\\/\\\/vsuj.ch\\\/fr\\\/\",\"logo\":{\"@type\":\"ImageObject\",\"inLanguage\":\"fr-FR\",\"@id\":\"https:\\\/\\\/vsuj.ch\\\/fr\\\/#\\\/schema\\\/logo\\\/image\\\/\",\"url\":\"https:\\\/\\\/vsuj.ch\\\/wp-content\\\/uploads\\\/2020\\\/06\\\/logo_de_x2.webp\",\"contentUrl\":\"https:\\\/\\\/vsuj.ch\\\/wp-content\\\/uploads\\\/2020\\\/06\\\/logo_de_x2.webp\",\"width\":516,\"height\":68,\"caption\":\"Vereinigung Schweizerischer Unternehmensjuristinnen und Unternehmensjuristen\"},\"image\":{\"@id\":\"https:\\\/\\\/vsuj.ch\\\/fr\\\/#\\\/schema\\\/logo\\\/image\\\/\"}}]}<\/script>\n<!-- \/ Yoast SEO plugin. -->","yoast_head_json":{"title":"\u00c9v\u00e9nement d\u2019\u00e9t\u00e9 \u2013 Th\u00e8mes cl\u00e9s de la r\u00e9daction de contrats dans les transactions M&amp;A - Vereinigung Schweizerischer Unternehmensjuristinnen und Unternehmensjuristen (VSUJ)","robots":{"index":"index","follow":"follow","max-snippet":"max-snippet:-1","max-image-preview":"max-image-preview:large","max-video-preview":"max-video-preview:-1"},"canonical":"https:\/\/vsuj.ch\/fr\/events\/evenement-dete-themes-cles-de-la-redaction-de-contrats-dans-les-transactions-ma\/","og_locale":"fr_FR","og_type":"article","og_title":"\u00c9v\u00e9nement d\u2019\u00e9t\u00e9 \u2013 Th\u00e8mes cl\u00e9s de la r\u00e9daction de contrats dans les transactions M&amp;A - Vereinigung Schweizerischer Unternehmensjuristinnen und Unternehmensjuristen (VSUJ)","og_url":"https:\/\/vsuj.ch\/fr\/events\/evenement-dete-themes-cles-de-la-redaction-de-contrats-dans-les-transactions-ma\/","og_site_name":"Vereinigung Schweizerischer Unternehmensjuristinnen und Unternehmensjuristen (VSUJ)","article_modified_time":"2025-09-25T06:42:23+00:00","og_image":[{"width":1440,"height":520,"url":"https:\/\/vsuj.ch\/wp-content\/uploads\/2025\/05\/outdoor-networking-event.jpg","type":"image\/jpeg"}],"twitter_card":"summary_large_image","schema":{"@context":"https:\/\/schema.org","@graph":[{"@type":"WebPage","@id":"https:\/\/vsuj.ch\/fr\/events\/evenement-dete-themes-cles-de-la-redaction-de-contrats-dans-les-transactions-ma\/","url":"https:\/\/vsuj.ch\/fr\/events\/evenement-dete-themes-cles-de-la-redaction-de-contrats-dans-les-transactions-ma\/","name":"\u00c9v\u00e9nement d\u2019\u00e9t\u00e9 \u2013 Th\u00e8mes cl\u00e9s de la r\u00e9daction de contrats dans les transactions M&amp;A - Vereinigung Schweizerischer Unternehmensjuristinnen und Unternehmensjuristen (VSUJ)","isPartOf":{"@id":"https:\/\/vsuj.ch\/fr\/#website"},"primaryImageOfPage":{"@id":"https:\/\/vsuj.ch\/fr\/events\/evenement-dete-themes-cles-de-la-redaction-de-contrats-dans-les-transactions-ma\/#primaryimage"},"image":{"@id":"https:\/\/vsuj.ch\/fr\/events\/evenement-dete-themes-cles-de-la-redaction-de-contrats-dans-les-transactions-ma\/#primaryimage"},"thumbnailUrl":"https:\/\/vsuj.ch\/wp-content\/uploads\/2025\/05\/outdoor-networking-event.jpg","datePublished":"2025-05-02T12:58:15+00:00","dateModified":"2025-09-25T06:42:23+00:00","breadcrumb":{"@id":"https:\/\/vsuj.ch\/fr\/events\/evenement-dete-themes-cles-de-la-redaction-de-contrats-dans-les-transactions-ma\/#breadcrumb"},"inLanguage":"fr-FR","potentialAction":[{"@type":"ReadAction","target":["https:\/\/vsuj.ch\/fr\/events\/evenement-dete-themes-cles-de-la-redaction-de-contrats-dans-les-transactions-ma\/"]}]},{"@type":"ImageObject","inLanguage":"fr-FR","@id":"https:\/\/vsuj.ch\/fr\/events\/evenement-dete-themes-cles-de-la-redaction-de-contrats-dans-les-transactions-ma\/#primaryimage","url":"https:\/\/vsuj.ch\/wp-content\/uploads\/2025\/05\/outdoor-networking-event.jpg","contentUrl":"https:\/\/vsuj.ch\/wp-content\/uploads\/2025\/05\/outdoor-networking-event.jpg","width":1440,"height":520},{"@type":"BreadcrumbList","@id":"https:\/\/vsuj.ch\/fr\/events\/evenement-dete-themes-cles-de-la-redaction-de-contrats-dans-les-transactions-ma\/#breadcrumb","itemListElement":[{"@type":"ListItem","position":1,"name":"Home","item":"https:\/\/vsuj.ch\/fr\/"},{"@type":"ListItem","position":2,"name":"Events","item":"https:\/\/vsuj.ch\/fr\/events\/"},{"@type":"ListItem","position":3,"name":"\u00c9v\u00e9nement d\u2019\u00e9t\u00e9 \u2013 Th\u00e8mes cl\u00e9s de la r\u00e9daction de contrats dans les transactions M&amp;A"}]},{"@type":"WebSite","@id":"https:\/\/vsuj.ch\/fr\/#website","url":"https:\/\/vsuj.ch\/fr\/","name":"Vereinigung Schweizerischer Unternehmensjuristinnen und Unternehmensjuristen","description":"Erfahrungen austauschen, Verbindungen aufbauen, sich weiterentwickeln.","publisher":{"@id":"https:\/\/vsuj.ch\/fr\/#organization"},"alternateName":"VSUJ","potentialAction":[{"@type":"SearchAction","target":{"@type":"EntryPoint","urlTemplate":"https:\/\/vsuj.ch\/fr\/?s={search_term_string}"},"query-input":{"@type":"PropertyValueSpecification","valueRequired":true,"valueName":"search_term_string"}}],"inLanguage":"fr-FR"},{"@type":"Organization","@id":"https:\/\/vsuj.ch\/fr\/#organization","name":"Vereinigung Schweizerischer Unternehmensjuristinnen und Unternehmensjuristen","alternateName":"VSUJ","url":"https:\/\/vsuj.ch\/fr\/","logo":{"@type":"ImageObject","inLanguage":"fr-FR","@id":"https:\/\/vsuj.ch\/fr\/#\/schema\/logo\/image\/","url":"https:\/\/vsuj.ch\/wp-content\/uploads\/2020\/06\/logo_de_x2.webp","contentUrl":"https:\/\/vsuj.ch\/wp-content\/uploads\/2020\/06\/logo_de_x2.webp","width":516,"height":68,"caption":"Vereinigung Schweizerischer Unternehmensjuristinnen und Unternehmensjuristen"},"image":{"@id":"https:\/\/vsuj.ch\/fr\/#\/schema\/logo\/image\/"}}]}},"publishpress_future_action":{"enabled":false,"date":"2026-04-29 18:25:30","action":"category","newStatus":"draft","terms":[110,48],"taxonomy":"event-kategorien","extraData":[]},"publishpress_future_workflow_manual_trigger":{"enabledWorkflows":[]},"_links":{"self":[{"href":"https:\/\/vsuj.ch\/fr\/wp-json\/wp\/v2\/events\/5336","targetHints":{"allow":["GET"]}}],"collection":[{"href":"https:\/\/vsuj.ch\/fr\/wp-json\/wp\/v2\/events"}],"about":[{"href":"https:\/\/vsuj.ch\/fr\/wp-json\/wp\/v2\/types\/events"}],"wp:featuredmedia":[{"embeddable":true,"href":"https:\/\/vsuj.ch\/fr\/wp-json\/wp\/v2\/media\/5572"}],"wp:attachment":[{"href":"https:\/\/vsuj.ch\/fr\/wp-json\/wp\/v2\/media?parent=5336"}],"wp:term":[{"taxonomy":"event-kategorien","embeddable":true,"href":"https:\/\/vsuj.ch\/fr\/wp-json\/wp\/v2\/event-kategorien?post=5336"}],"curies":[{"name":"wp","href":"https:\/\/api.w.org\/{rel}","templated":true}]}}

Événement d’été – Thèmes clés de la rédaction de contrats dans les transactions M&amp;A

<!-- This site is optimized with the Yoast SEO plugin v27.3 - https://yoast.com/product/yoast-seo-wordpress/ -->
<title>Événement d’été – Thèmes clés de la rédaction de contrats dans les transactions M&amp;A - Vereinigung Schweizerischer Unternehmensjuristinnen und Unternehmensjuristen (VSUJ)</title>
<meta name="robots" content="index, follow, max-snippet:-1, max-image-preview:large, max-video-preview:-1" />
<link rel="canonical" href="https://vsuj.ch/fr/events/evenement-dete-themes-cles-de-la-redaction-de-contrats-dans-les-transactions-ma/" />
<meta property="og:locale" content="fr_FR" />
<meta property="og:type" content="article" />
<meta property="og:title" content="Événement d’été – Thèmes clés de la rédaction de contrats dans les transactions M&amp;A - Vereinigung Schweizerischer Unternehmensjuristinnen und Unternehmensjuristen (VSUJ)" />
<meta property="og:url" content="https://vsuj.ch/fr/events/evenement-dete-themes-cles-de-la-redaction-de-contrats-dans-les-transactions-ma/" />
<meta property="og:site_name" content="Vereinigung Schweizerischer Unternehmensjuristinnen und Unternehmensjuristen (VSUJ)" />
<meta property="article:modified_time" content="2025-09-25T06:42:23+00:00" />
<meta property="og:image" content="https://vsuj.ch/wp-content/uploads/2025/05/outdoor-networking-event.jpg" />
	<meta property="og:image:width" content="1440" />
	<meta property="og:image:height" content="520" />
	<meta property="og:image:type" content="image/jpeg" />
<meta name="twitter:card" content="summary_large_image" />
<script type="application/ld+json" class="yoast-schema-graph">{"@context":"https:\/\/schema.org","@graph":[{"@type":"WebPage","@id":"https:\/\/vsuj.ch\/fr\/events\/evenement-dete-themes-cles-de-la-redaction-de-contrats-dans-les-transactions-ma\/","url":"https:\/\/vsuj.ch\/fr\/events\/evenement-dete-themes-cles-de-la-redaction-de-contrats-dans-les-transactions-ma\/","name":"Événement d’été – Thèmes clés de la rédaction de contrats dans les transactions M&amp;A - Vereinigung Schweizerischer Unternehmensjuristinnen und Unternehmensjuristen (VSUJ)","isPartOf":{"@id":"https:\/\/vsuj.ch\/fr\/#website"},"primaryImageOfPage":{"@id":"https:\/\/vsuj.ch\/fr\/events\/evenement-dete-themes-cles-de-la-redaction-de-contrats-dans-les-transactions-ma\/#primaryimage"},"image":{"@id":"https:\/\/vsuj.ch\/fr\/events\/evenement-dete-themes-cles-de-la-redaction-de-contrats-dans-les-transactions-ma\/#primaryimage"},"thumbnailUrl":"https:\/\/vsuj.ch\/wp-content\/uploads\/2025\/05\/outdoor-networking-event.jpg","datePublished":"2025-05-02T12:58:15+00:00","dateModified":"2025-09-25T06:42:23+00:00","breadcrumb":{"@id":"https:\/\/vsuj.ch\/fr\/events\/evenement-dete-themes-cles-de-la-redaction-de-contrats-dans-les-transactions-ma\/#breadcrumb"},"inLanguage":"fr-FR","potentialAction":[{"@type":"ReadAction","target":["https:\/\/vsuj.ch\/fr\/events\/evenement-dete-themes-cles-de-la-redaction-de-contrats-dans-les-transactions-ma\/"]}]},{"@type":"ImageObject","inLanguage":"fr-FR","@id":"https:\/\/vsuj.ch\/fr\/events\/evenement-dete-themes-cles-de-la-redaction-de-contrats-dans-les-transactions-ma\/#primaryimage","url":"https:\/\/vsuj.ch\/wp-content\/uploads\/2025\/05\/outdoor-networking-event.jpg","contentUrl":"https:\/\/vsuj.ch\/wp-content\/uploads\/2025\/05\/outdoor-networking-event.jpg","width":1440,"height":520},{"@type":"BreadcrumbList","@id":"https:\/\/vsuj.ch\/fr\/events\/evenement-dete-themes-cles-de-la-redaction-de-contrats-dans-les-transactions-ma\/#breadcrumb","itemListElement":[{"@type":"ListItem","position":1,"name":"Home","item":"https:\/\/vsuj.ch\/fr\/"},{"@type":"ListItem","position":2,"name":"Events","item":"https:\/\/vsuj.ch\/fr\/events\/"},{"@type":"ListItem","position":3,"name":"Événement d’été – Thèmes clés de la rédaction de contrats dans les transactions M&amp;A"}]},{"@type":"WebSite","@id":"https:\/\/vsuj.ch\/fr\/#website","url":"https:\/\/vsuj.ch\/fr\/","name":"Vereinigung Schweizerischer Unternehmensjuristinnen und Unternehmensjuristen","description":"Erfahrungen austauschen, Verbindungen aufbauen, sich weiterentwickeln.","publisher":{"@id":"https:\/\/vsuj.ch\/fr\/#organization"},"alternateName":"VSUJ","potentialAction":[{"@type":"SearchAction","target":{"@type":"EntryPoint","urlTemplate":"https:\/\/vsuj.ch\/fr\/?s={search_term_string}"},"query-input":{"@type":"PropertyValueSpecification","valueRequired":true,"valueName":"search_term_string"}}],"inLanguage":"fr-FR"},{"@type":"Organization","@id":"https:\/\/vsuj.ch\/fr\/#organization","name":"Vereinigung Schweizerischer Unternehmensjuristinnen und Unternehmensjuristen","alternateName":"VSUJ","url":"https:\/\/vsuj.ch\/fr\/","logo":{"@type":"ImageObject","inLanguage":"fr-FR","@id":"https:\/\/vsuj.ch\/fr\/#\/schema\/logo\/image\/","url":"https:\/\/vsuj.ch\/wp-content\/uploads\/2020\/06\/logo_de_x2.webp","contentUrl":"https:\/\/vsuj.ch\/wp-content\/uploads\/2020\/06\/logo_de_x2.webp","width":516,"height":68,"caption":"Vereinigung Schweizerischer Unternehmensjuristinnen und Unternehmensjuristen"},"image":{"@id":"https:\/\/vsuj.ch\/fr\/#\/schema\/logo\/image\/"}}]}</script>
<!-- / Yoast SEO plugin. -->

Événement d’été – Thèmes clés de la rédaction de contrats dans les transactions M&amp;A - Vereinigung Schweizerischer Unternehmensjuristinnen und Unternehmensjuristen (VSUJ)
