{"version":"1.0","provider_name":"Vereinigung Schweizerischer Unternehmensjuristinnen und Unternehmensjuristen (VSUJ)","provider_url":"https:\/\/vsuj.ch\/fr\/","author_name":"kira.lusky","author_url":"https:\/\/vsuj.ch\/fr\/author\/kira-lusky\/","title":"\u00c9v\u00e9nements - Vereinigung Schweizerischer Unternehmensjuristinnen und Unternehmensjuristen (VSUJ)","type":"rich","width":600,"height":338,"html":"<blockquote class=\"wp-embedded-content\" data-secret=\"Z56GRHayL0\"><a href=\"https:\/\/vsuj.ch\/fr\/evenements\/\">\u00c9v\u00e9nements<\/a><\/blockquote><iframe sandbox=\"allow-scripts\" security=\"restricted\" src=\"https:\/\/vsuj.ch\/fr\/evenements\/embed\/#?secret=Z56GRHayL0\" width=\"600\" height=\"338\" title=\"\u00ab\u00a0\u00c9v\u00e9nements\u00a0\u00bb &#8212; Vereinigung Schweizerischer Unternehmensjuristinnen und Unternehmensjuristen (VSUJ)\" data-secret=\"Z56GRHayL0\" frameborder=\"0\" marginwidth=\"0\" marginheight=\"0\" scrolling=\"no\" class=\"wp-embedded-content\"><\/iframe><script type=\"text\/javascript\">\n\/* <![CDATA[ *\/\n\/*! This file is auto-generated *\/\n!function(d,l){\"use strict\";l.querySelector&&d.addEventListener&&\"undefined\"!=typeof URL&&(d.wp=d.wp||{},d.wp.receiveEmbedMessage||(d.wp.receiveEmbedMessage=function(e){var t=e.data;if((t||t.secret||t.message||t.value)&&!\/[^a-zA-Z0-9]\/.test(t.secret)){for(var s,r,n,a=l.querySelectorAll('iframe[data-secret=\"'+t.secret+'\"]'),o=l.querySelectorAll('blockquote[data-secret=\"'+t.secret+'\"]'),c=new RegExp(\"^https?:$\",\"i\"),i=0;i<o.length;i++)o[i].style.display=\"none\";for(i=0;i<a.length;i++)s=a[i],e.source===s.contentWindow&&(s.removeAttribute(\"style\"),\"height\"===t.message?(1e3<(r=parseInt(t.value,10))?r=1e3:~~r<200&&(r=200),s.height=r):\"link\"===t.message&&(r=new URL(s.getAttribute(\"src\")),n=new URL(t.value),c.test(n.protocol))&&n.host===r.host&&l.activeElement===s&&(d.top.location.href=t.value))}},d.addEventListener(\"message\",d.wp.receiveEmbedMessage,!1),l.addEventListener(\"DOMContentLoaded\",function(){for(var e,t,s=l.querySelectorAll(\"iframe.wp-embedded-content\"),r=0;r<s.length;r++)(t=(e=s[r]).getAttribute(\"data-secret\"))||(t=Math.random().toString(36).substring(2,12),e.src+=\"#?secret=\"+t,e.setAttribute(\"data-secret\",t)),e.contentWindow.postMessage({message:\"ready\",secret:t},\"*\")},!1)))}(window,document);\n\/\/# sourceURL=https:\/\/vsuj.ch\/wp-includes\/js\/wp-embed.min.js\n\/* ]]> *\/\n<\/script>\n","description":"Nos \u00e9v\u00e9nements Activit\u00e9s de la ASJE L\u2019Association Suisse des Juristes d\u2019Entreprise (ASJE) organise r\u00e9guli\u00e8rement des \u00e9v\u00e9nements pour ses membres. Ces manifestations sont en lien avec la pratique professionnelle de nos membres. Des sp\u00e9cialistes reconnus issus des services juridiques, du barreau, du monde acad\u00e9mique, de l\u2019\u00e9conomie et de l\u2019administration partagent leur expertise et donnent des conseils [&hellip;]","thumbnail_url":"https:\/\/vsuj.ch\/wp-content\/uploads\/2025\/04\/bg-parallax-image_vsuj-vorstand_x1-5-scaled-e1745583787846.webp","thumbnail_width":2480,"thumbnail_height":1706}

Événements - Vereinigung Schweizerischer Unternehmensjuristinnen und Unternehmensjuristen (VSUJ)

<blockquote class="wp-embedded-content" data-secret="Z56GRHayL0"><a href="https://vsuj.ch/fr/evenements/">Événements</a></blockquote><iframe sandbox="allow-scripts" security="restricted" src="https://vsuj.ch/fr/evenements/embed/#?secret=Z56GRHayL0" width="600" height="338" title="« Événements » &#8212; Vereinigung Schweizerischer Unternehmensjuristinnen und Unternehmensjuristen (VSUJ)" data-secret="Z56GRHayL0" frameborder="0" marginwidth="0" marginheight="0" scrolling="no" class="wp-embedded-content"></iframe><script type="text/javascript">
/* <![CDATA[ */
/*! This file is auto-generated */
!function(d,l){"use strict";l.querySelector&&d.addEventListener&&"undefined"!=typeof URL&&(d.wp=d.wp||{},d.wp.receiveEmbedMessage||(d.wp.receiveEmbedMessage=function(e){var t=e.data;if((t||t.secret||t.message||t.value)&&!/[^a-zA-Z0-9]/.test(t.secret)){for(var s,r,n,a=l.querySelectorAll('iframe[data-secret="'+t.secret+'"]'),o=l.querySelectorAll('blockquote[data-secret="'+t.secret+'"]'),c=new RegExp("^https?:$","i"),i=0;i<o.length;i++)o[i].style.display="none";for(i=0;i<a.length;i++)s=a[i],e.source===s.contentWindow&&(s.removeAttribute("style"),"height"===t.message?(1e3<(r=parseInt(t.value,10))?r=1e3:~~r<200&&(r=200),s.height=r):"link"===t.message&&(r=new URL(s.getAttribute("src")),n=new URL(t.value),c.test(n.protocol))&&n.host===r.host&&l.activeElement===s&&(d.top.location.href=t.value))}},d.addEventListener("message",d.wp.receiveEmbedMessage,!1),l.addEventListener("DOMContentLoaded",function(){for(var e,t,s=l.querySelectorAll("iframe.wp-embedded-content"),r=0;r<s.length;r++)(t=(e=s[r]).getAttribute("data-secret"))||(t=Math.random().toString(36).substring(2,12),e.src+="#?secret="+t,e.setAttribute("data-secret",t)),e.contentWindow.postMessage({message:"ready",secret:t},"*")},!1)))}(window,document);
//# sourceURL=https://vsuj.ch/wp-includes/js/wp-embed.min.js
/* ]]> */
</script>

Nos événements Activités de la ASJE L’Association Suisse des Juristes d’Entreprise (ASJE) organise régulièrement des événements pour ses membres. Ces manifestations sont en lien avec la pratique professionnelle de nos membres. Des spécialistes reconnus issus des services juridiques, du barreau, du monde académique, de l’économie et de l’administration partagent leur expertise et donnent des conseils [&hellip;]
