{"version":"1.0","provider_name":"Vereinigung Schweizerischer Unternehmensjuristinnen und Unternehmensjuristen (VSUJ)","provider_url":"https:\/\/vsuj.ch\/fr\/","author_name":"kira.lusky","author_url":"https:\/\/vsuj.ch\/fr\/author\/kira-lusky\/","title":"\u00c0 propos de nous - Vereinigung Schweizerischer Unternehmensjuristinnen und Unternehmensjuristen (VSUJ)","type":"rich","width":600,"height":338,"html":"<blockquote class=\"wp-embedded-content\" data-secret=\"NKqs0SSldW\"><a href=\"https:\/\/vsuj.ch\/fr\/a-propos-de-nous\/\">\u00c0 propos de nous<\/a><\/blockquote><iframe sandbox=\"allow-scripts\" security=\"restricted\" src=\"https:\/\/vsuj.ch\/fr\/a-propos-de-nous\/embed\/#?secret=NKqs0SSldW\" width=\"600\" height=\"338\" title=\"\u00ab\u00a0\u00c0 propos de nous\u00a0\u00bb &#8212; Vereinigung Schweizerischer Unternehmensjuristinnen und Unternehmensjuristen (VSUJ)\" data-secret=\"NKqs0SSldW\" frameborder=\"0\" marginwidth=\"0\" marginheight=\"0\" scrolling=\"no\" class=\"wp-embedded-content\"><\/iframe><script type=\"text\/javascript\">\n\/* <![CDATA[ *\/\n\/*! This file is auto-generated *\/\n!function(d,l){\"use strict\";l.querySelector&&d.addEventListener&&\"undefined\"!=typeof URL&&(d.wp=d.wp||{},d.wp.receiveEmbedMessage||(d.wp.receiveEmbedMessage=function(e){var t=e.data;if((t||t.secret||t.message||t.value)&&!\/[^a-zA-Z0-9]\/.test(t.secret)){for(var s,r,n,a=l.querySelectorAll('iframe[data-secret=\"'+t.secret+'\"]'),o=l.querySelectorAll('blockquote[data-secret=\"'+t.secret+'\"]'),c=new RegExp(\"^https?:$\",\"i\"),i=0;i<o.length;i++)o[i].style.display=\"none\";for(i=0;i<a.length;i++)s=a[i],e.source===s.contentWindow&&(s.removeAttribute(\"style\"),\"height\"===t.message?(1e3<(r=parseInt(t.value,10))?r=1e3:~~r<200&&(r=200),s.height=r):\"link\"===t.message&&(r=new URL(s.getAttribute(\"src\")),n=new URL(t.value),c.test(n.protocol))&&n.host===r.host&&l.activeElement===s&&(d.top.location.href=t.value))}},d.addEventListener(\"message\",d.wp.receiveEmbedMessage,!1),l.addEventListener(\"DOMContentLoaded\",function(){for(var e,t,s=l.querySelectorAll(\"iframe.wp-embedded-content\"),r=0;r<s.length;r++)(t=(e=s[r]).getAttribute(\"data-secret\"))||(t=Math.random().toString(36).substring(2,12),e.src+=\"#?secret=\"+t,e.setAttribute(\"data-secret\",t)),e.contentWindow.postMessage({message:\"ready\",secret:t},\"*\")},!1)))}(window,document);\n\/\/# sourceURL=https:\/\/vsuj.ch\/wp-includes\/js\/wp-embed.min.js\n\/* ]]> *\/\n<\/script>\n","description":"\u00c0 propos de nous Comit\u00e9 Adrian Kramer Co-Pr\u00e9sident Region Legal Director, Coca-Cola HBC AG \u00abGr\u00e2ce \u00e0 la ASJE, j\u2019ai acc\u00e8s \u00e0 un excellent r\u00e9seau de coll\u00e8gues juristes et je peux continuer \u00e0 me former \u2013 c\u2019est essentiel aussi bien pour les d\u00e9butants que pour les juristes d\u2019entreprise exp\u00e9riment\u00e9s.\u00bb adrian.kramer@cchellenic.com profiler Michael Burkart Co-Pr\u00e9sident Global Head [&hellip;]","thumbnail_url":"https:\/\/vsuj.ch\/wp-content\/uploads\/2025\/05\/icon_geschichte_1.webp","thumbnail_width":502,"thumbnail_height":502}

À propos de nous - Vereinigung Schweizerischer Unternehmensjuristinnen und Unternehmensjuristen (VSUJ)

<blockquote class="wp-embedded-content" data-secret="NKqs0SSldW"><a href="https://vsuj.ch/fr/a-propos-de-nous/">À propos de nous</a></blockquote><iframe sandbox="allow-scripts" security="restricted" src="https://vsuj.ch/fr/a-propos-de-nous/embed/#?secret=NKqs0SSldW" width="600" height="338" title="« À propos de nous » &#8212; Vereinigung Schweizerischer Unternehmensjuristinnen und Unternehmensjuristen (VSUJ)" data-secret="NKqs0SSldW" frameborder="0" marginwidth="0" marginheight="0" scrolling="no" class="wp-embedded-content"></iframe><script type="text/javascript">
/* <![CDATA[ */
/*! This file is auto-generated */
!function(d,l){"use strict";l.querySelector&&d.addEventListener&&"undefined"!=typeof URL&&(d.wp=d.wp||{},d.wp.receiveEmbedMessage||(d.wp.receiveEmbedMessage=function(e){var t=e.data;if((t||t.secret||t.message||t.value)&&!/[^a-zA-Z0-9]/.test(t.secret)){for(var s,r,n,a=l.querySelectorAll('iframe[data-secret="'+t.secret+'"]'),o=l.querySelectorAll('blockquote[data-secret="'+t.secret+'"]'),c=new RegExp("^https?:$","i"),i=0;i<o.length;i++)o[i].style.display="none";for(i=0;i<a.length;i++)s=a[i],e.source===s.contentWindow&&(s.removeAttribute("style"),"height"===t.message?(1e3<(r=parseInt(t.value,10))?r=1e3:~~r<200&&(r=200),s.height=r):"link"===t.message&&(r=new URL(s.getAttribute("src")),n=new URL(t.value),c.test(n.protocol))&&n.host===r.host&&l.activeElement===s&&(d.top.location.href=t.value))}},d.addEventListener("message",d.wp.receiveEmbedMessage,!1),l.addEventListener("DOMContentLoaded",function(){for(var e,t,s=l.querySelectorAll("iframe.wp-embedded-content"),r=0;r<s.length;r++)(t=(e=s[r]).getAttribute("data-secret"))||(t=Math.random().toString(36).substring(2,12),e.src+="#?secret="+t,e.setAttribute("data-secret",t)),e.contentWindow.postMessage({message:"ready",secret:t},"*")},!1)))}(window,document);
//# sourceURL=https://vsuj.ch/wp-includes/js/wp-embed.min.js
/* ]]> */
</script>

À propos de nous Comité Adrian Kramer Co-Président Region Legal Director, Coca-Cola HBC AG «Grâce à la ASJE, j’ai accès à un excellent réseau de collègues juristes et je peux continuer à me former – c’est essentiel aussi bien pour les débutants que pour les juristes d’entreprise expérimentés.» adrian.kramer@cchellenic.com profiler Michael Burkart Co-Président Global Head [&hellip;]
